{"id":17821,"date":"2023-09-22T10:42:05","date_gmt":"2023-09-22T13:42:05","guid":{"rendered":"https:\/\/ultrarolamentos.com.br\/?post_type=product&#038;p=17821"},"modified":"2023-09-22T10:42:08","modified_gmt":"2023-09-22T13:42:08","slug":"rolamento-de-esferas-redutor-caterpillar","status":"publish","type":"product","link":"https:\/\/ultrarolamentos.com.br\/index.php\/produto\/rolamento-de-esferas-redutor-caterpillar\/","title":{"rendered":"2184247"},"content":{"rendered":"<p>2184247 ROLAMENTO REDUTOR CATERPILLAR DE ESFERAS<br \/>\nCONSULTE VENDEDOR PARA TIRAR DUVIDAS SOBRE MEDIDAS E ESPECIFICA\u00c7\u00d5ES T\u00c9CNICAS<\/p>\n","protected":false},"excerpt":{"rendered":"<p>2184247 ROLAMENTO REDUTOR CATERPILLAR DE ESFERAS CONSULTE VENDEDOR PARA TIRAR DUVIDAS SOBRE MEDIDAS E ESPECIFICA\u00c7\u00d5ES T\u00c9CNICAS<\/p>\n","protected":false},"featured_media":17822,"template":"","meta":[],"product_brand":[],"product_cat":[12627,12628],"product_tag":[],"class_list":{"0":"post-17821","1":"product","2":"type-product","3":"status-publish","4":"has-post-thumbnail","6":"product_cat-caterpillar","7":"product_cat-rolamentos-esferas","9":"first","10":"instock","11":"taxable","12":"shipping-taxable","13":"purchasable","14":"product-type-simple"},"_links":{"self":[{"href":"https:\/\/ultrarolamentos.com.br\/index.php\/wp-json\/wp\/v2\/product\/17821","targetHints":{"allow":["GET"]}}],"collection":[{"href":"https:\/\/ultrarolamentos.com.br\/index.php\/wp-json\/wp\/v2\/product"}],"about":[{"href":"https:\/\/ultrarolamentos.com.br\/index.php\/wp-json\/wp\/v2\/types\/product"}],"wp:featuredmedia":[{"embeddable":true,"href":"https:\/\/ultrarolamentos.com.br\/index.php\/wp-json\/wp\/v2\/media\/17822"}],"wp:attachment":[{"href":"https:\/\/ultrarolamentos.com.br\/index.php\/wp-json\/wp\/v2\/media?parent=17821"}],"wp:term":[{"taxonomy":"product_brand","embeddable":true,"href":"https:\/\/ultrarolamentos.com.br\/index.php\/wp-json\/wp\/v2\/product_brand?post=17821"},{"taxonomy":"product_cat","embeddable":true,"href":"https:\/\/ultrarolamentos.com.br\/index.php\/wp-json\/wp\/v2\/product_cat?post=17821"},{"taxonomy":"product_tag","embeddable":true,"href":"https:\/\/ultrarolamentos.com.br\/index.php\/wp-json\/wp\/v2\/product_tag?post=17821"}],"curies":[{"name":"wp","href":"https:\/\/api.w.org\/{rel}","templated":true}]}}