{"id":16529,"date":"2023-07-30T06:57:23","date_gmt":"2023-07-30T09:57:23","guid":{"rendered":"https:\/\/ultrarolamentos.com.br\/index.php\/produto\/75312361\/"},"modified":"2023-09-14T15:16:18","modified_gmt":"2023-09-14T18:16:18","slug":"75312361","status":"publish","type":"product","link":"https:\/\/ultrarolamentos.com.br\/index.php\/produto\/75312361\/","title":{"rendered":"75312361"},"content":{"rendered":"<p>75312361-ROLAMENTO PARA ENGRENAGEM TRATORES , FIAT-ALLIS, NEW-HOLLAND<br \/>\nCONSULTE O VENDEDOR PARA MEDIDAS E INFORMA\u00c7\u00d5ES T\u00c9CNICAS<\/p>\n","protected":false},"excerpt":{"rendered":"<p>75312361<\/p>\n","protected":false},"featured_media":17751,"template":"","meta":[],"product_brand":[],"product_cat":[51,12633,12632],"product_tag":[11562,2459,2451,2454,2452,2453,43,2472,2455,2460,50,49,48,2458,2474,2473,47,2448,2444,41,2440,2439,2450,2446,2470,2462,2441,2468,2463,2447,2442,2471,2467,2445,2465,2437,2438,2436,2469,2443,2461,2466,2464,42,2449,2456,2457,2476,45,2475,46],"class_list":{"0":"post-16529","1":"product","2":"type-product","3":"status-publish","4":"has-post-thumbnail","6":"product_cat-fiatallis","7":"product_cat-new-holland","8":"product_cat-rolamentos-engrenagens","9":"product_tag-11562","10":"product_tag-atibaia","11":"product_tag-em-itaqua","12":"product_tag-em-itaquera","13":"product_tag-em-suzano","14":"product_tag-em-ferraz-de-vasconcelos","15":"product_tag-esferas","16":"product_tag-fag","17":"product_tag-guaianazes","18":"product_tag-guarulhos","19":"product_tag-iko","20":"product_tag-ina","21":"product_tag-koyo","22":"product_tag-mairipora","23":"product_tag-nachi","24":"product_tag-nsk","25":"product_tag-ntn","26":"product_tag-rolamento-no-abc","27":"product_tag-rolamentod-skf","28":"product_tag-rolamentos","29":"product_tag-rolamentos-caterpillar","30":"product_tag-rolamentos-compressores","31":"product_tag-rolamentos-em-mogi","32":"product_tag-rolamentos-especial","33":"product_tag-rolamentos-ezo","34":"product_tag-rolamentos-fag","35":"product_tag-rolamentos-fiat-allis","36":"product_tag-rolamentos-frm","37":"product_tag-rolamentos-ina","38":"product_tag-rolamentos-industrial","39":"product_tag-rolamentos-jcb","40":"product_tag-rolamentos-miniatura-nmb","41":"product_tag-rolamentos-nachi","42":"product_tag-rolamentos-nsk","43":"product_tag-rolamentos-ntn","44":"product_tag-rolamentos-para-agricolas","45":"product_tag-rolamentos-para-empilhadeira","46":"product_tag-rolamentos-para-torno","47":"product_tag-rolamentos-rolmax","48":"product_tag-rolamentos-segunda-linha","49":"product_tag-rolamentos-skf","50":"product_tag-rolamentos-snr","51":"product_tag-rolamentos-timken","52":"product_tag-rolos-abaulados","53":"product_tag-romantos-na-zona-leste","54":"product_tag-sao-bermado","55":"product_tag-sao-caetano","56":"product_tag-shr","57":"product_tag-skf","58":"product_tag-snr","59":"product_tag-timken","61":"first","62":"instock","63":"taxable","64":"shipping-taxable","65":"purchasable","66":"product-type-simple"},"_links":{"self":[{"href":"https:\/\/ultrarolamentos.com.br\/index.php\/wp-json\/wp\/v2\/product\/16529","targetHints":{"allow":["GET"]}}],"collection":[{"href":"https:\/\/ultrarolamentos.com.br\/index.php\/wp-json\/wp\/v2\/product"}],"about":[{"href":"https:\/\/ultrarolamentos.com.br\/index.php\/wp-json\/wp\/v2\/types\/product"}],"wp:featuredmedia":[{"embeddable":true,"href":"https:\/\/ultrarolamentos.com.br\/index.php\/wp-json\/wp\/v2\/media\/17751"}],"wp:attachment":[{"href":"https:\/\/ultrarolamentos.com.br\/index.php\/wp-json\/wp\/v2\/media?parent=16529"}],"wp:term":[{"taxonomy":"product_brand","embeddable":true,"href":"https:\/\/ultrarolamentos.com.br\/index.php\/wp-json\/wp\/v2\/product_brand?post=16529"},{"taxonomy":"product_cat","embeddable":true,"href":"https:\/\/ultrarolamentos.com.br\/index.php\/wp-json\/wp\/v2\/product_cat?post=16529"},{"taxonomy":"product_tag","embeddable":true,"href":"https:\/\/ultrarolamentos.com.br\/index.php\/wp-json\/wp\/v2\/product_tag?post=16529"}],"curies":[{"name":"wp","href":"https:\/\/api.w.org\/{rel}","templated":true}]}}